t w(m) be the third derivative of m**5/60 - m**4/8 - m**3/2 + m**2. Determine w(a).
7
Let w(f) = -f - f - 7 + 0*f. Suppose -4*q + 8 - 3 = 5*c, c - 2*q - 15 = 0. Let i be 1/(4/c + -1). Determine w(i).
3
Let i = -8 - -13. Let n be (i - 2)*2/3. Let v(s) = -5*s - 3 - n*s**3 + 0*s**3 - 4*s**2 + 2*s**3 + s**3. Give v(5).
-3
Let k(i) = 6*i**3 + i**2 - i + 1. Let s = 4 + 0. Suppose 0*d = -4*d + s. What is k(d)?
7
Suppose -u + 14 = -5*f, 4*f + f = -4*u + 6. Let v = f - 0. Let q(c) = -1 - 2*c + 1 - 2*c**3 - 4*c**2. Determine q(v).
4
Suppose -x - 5*w + 25 = -2*x, -3*w + 15 = 4*x. Suppose x*c = 4*y + 4*c - 24, -2*y = -3*c - 2. Let a(i) = i + 5. Determine a(y).
9
Let b(h) = -2*h**3 - 21*h**2 - 6*h - 3. Let c(j) = -4*j**2 - 1 - 3*j - 6*j**3 + 5*j**3 - 7*j**2. Let w(f) = -6*b(f) + 11*c(f). What is w(-5)?
-8
Suppose -b = -5*k - 0 + 5, 3*b + 4*k - 23 = 0. Let z(t) be the third derivative of t**5/60 - t**4/6 - 2*t**2. What is z(b)?
5
Let m(o) be the third derivative of -o**6/120 + o**5/20 - o**4/24 + 5*o**3/6 + 22*o**2. What is m(4)?
-15
Suppose r + 4 = 0, 2*c - 5*r + 13 - 37 = 0. Let n(z) = -2 + 2*z + 4*z + z**c + 0*z + 0. Let y be ((-2)/(-4))/(2/(-20)). Give n(y).
-7
Let h(w) = w**3 + 4*w**2 - 4*w - 4. Let r be h(-5). Let y = -6 - r. Let i(a) = 3 - 3 - 2*a - y. Calculate i(-3).
3
Let n(f) = f**3 + 6*f**2 + 2*f + 3. Let s(b) be the first derivative of -b**4/4 - 7*b**3/3 - b**2 - 4*b - 3. Let t(j) = -3*n(j) - 2*s(j). Determine t(-4).
7
Suppose 15 = 3*h - 5*g - 8, 0 = -g - 1. Let w(v) = -v**2. Let j(p) = 3*p**2 - 7*p + 7. Let q(s) = j(s) + 2*w(s). What is q(h)?
1
Suppose -6 = 2*g - 5*x - 20, 3*x = g - 7. Let t(a) = a**2 - 7*a + 4. Determine t(g).
4
Let a(x) be the second derivative of x**6/720 - x**5/30 - x**4/6 + 3*x. Let c(j) be the third derivative of a(j). Calculate c(0).
-4
Let c(j) be the second derivative of j**3/6 + 7*j**2/2 - j. Let q be 2/(-6) - (-7)/21. Determine c(q).
7
Let m(u) = 56*u - 3*u**2 + u**3 - 20*u - 32*u - 2. Determine m(2).
2
Let z(j) = 3*j + 4. Let b be z(-3). Let h(m) = -11*m**2 + 6*m. Let r(t) = 12*t**2 - 7*t. Let s(y) = b*r(y) - 6*h(y). Suppose 0 = -0*f - f + 1. Determine s(f).
5
Let k(w) = 57*w**2 + 3*w - 4. Let n(s) = -19*s**2 - s + 1. Let i(q) = -2*k(q) - 7*n(q). Calculate i(-1).
19
Suppose 5 = 3*n - 7. Let j(l) be the second derivative of -l**4/12 + 5*l**3/6 - l**2 - 28*l. Calculate j(n).
2
Let t(h) be the second derivative of -3/2*h**2 + h + 3/2*h**3 + 0 - 1/12*h**4. Give t(6).
15
Let r(j) = j + 10. Let a be r(-6). Let n(c) = -2*c - a*c + 3*c - 7 + c**2. Calculate n(5).
3
Suppose -4*x + 3*a - 4 = 0, 0*a + a = 4*x - 4. Let u be (-2)/1 + 4/x. Suppose 0 = -u*t + t + 1. Let v(k) = 6*k + 1. What is v(t)?
-5
Let m be (-4 + -1 - 0) + 2. Let g(i) = -i**3 - 3*i**2 + 3*i + 3. Calculate g(m).
-6
Let z(f) = 8*f - 1 - 2 + 4. Let b = 5 - 1. Suppose -9*v - 5 = -b*v. Determine z(v).
-7
Let q(m) = 4*m - 7. Let l(u) = -5*u + 8. Let h(d) = 6*l(d) + 7*q(d). What is h(4)?
-9
Let j(f) = 5*f + 3. Let q = 3 + -4. Let r(w) = -w. Let v(i) = q*j(i) - 3*r(i). What is v(-5)?
7
Suppose 2*n - 6 = 0, 4*x + n + 3*n = -8. Let d(i) be the third derivative of 0*i - 1/4*i**4 + 3*i**2 - 1/10*i**5 - 1/120*i**6 + 0 - 7/6*i**3. Calculate d(x).
-2
Let p(w) = -33*w**2 + w. Let d be (-2)/(-8)*(1/1 - -3). Calculate p(d).
-32
Let z(a) = 2*a - 1. Suppose 4*b = 25 + 39. Suppose 7*t = 11*t - b. What is z(t)?
7
Let f(v) = 2*v**2 + 2*v - 1. Suppose 58 = 3*h + 52. Determine f(h).
11
Let n(x) = 3*x**3 + 2*x**2 - 2*x + 1. Let u(q) = q**2 - 2*q - 2. Let h be u(-1). Give n(h).
4
Let l(g) = g**2 + 0*g + 2 - 4*g - 2*g**2 - 3*g. Calculate l(-7).
2
Suppose 4*s = 0, -2*s + 0*s = 2*v - 10. Let z(q) = -3*q + q**2 + 5 + 0*q**2 - 3*q. Calculate z(v).
0
Let f = 7 - 14. Let c be (0 - f - 1)/2. Let p(n) = -3*n**2 - n**c + 3 - 8 - 1 + 3 + 3*n. Give p(-4).
1
Let s(v) = -344 + 704 - v - 351. Let f = -1 + 1. What is s(f)?
9
Suppose -4*j = 4*u - 0*j + 8, -4*j = -u + 23. Suppose u*r - 5*x - 1 = 5, 2*r - 2*x = 4. Let c(d) = -d + 3*d - 2*d - 1 - 6*d - d**r. Calculate c(-6).
-1
Suppose 23 - 5 = -5*q - 4*h, 0 = -4*q + 4*h. Let n(p) = -2*p + 2. Let v(r) be the first derivative of r**2/2 + 2. Let f(s) = -n(s) - 6*v(s). Calculate f(q).
6
Let p(s) = s**2 - 4. Let o be p(0). Let z(y) = 2*y**2 + 3*y - 4. Calculate z(o).
16
Suppose 15 = -o + 3*z, -3*o + o - 3*z + 6 = 0. Let p(n) = n - 6. Let a be p(6). Let f = o + a. Let g(u) = -2*u - 4. Calculate g(f).
2
Let w(g) = g**3 - 3*g**2 + g - 3. Suppose -4*b - 6 = -2*y + 4, -b = -3*y + 10. Let o be 2 + 3 - -1 - y. Let i be w(o). Let u(n) = n**2 + n - 7. Calculate u(i).
-7
Let l(f) = 2*f**2 + 2*f + 1. Let d(x) = 3*x**2 + 3*x + 1. Let o(u) = -3*d(u) + 5*l(u). Suppose -6*v = -v + 10. Calculate o(v).
4
Let t = -143 + 1717/12. Let b(v) be the second derivative of -v + 0*v**3 + 0 + 0*v**2 - t*v**4 + 1/5*v**5. Calculate b(1).
3
Let m(n) = n**2 - 7*n + 7. Suppose -j - 18 = -4*j. What is m(j)?
1
Let y(f) = -f**3 + 4*f**2 - f + 4. Let j be ((0 + 3 - 1) + -10)/(-2). What is y(j)?
0
Suppose -5*v + 0*v = -3*i - 2, 0 = 3*v + i + 10. Let k(a) = 2*a**2 + 3*a. Let n be k(v). Let h(m) = -m**2 + m + 2. Calculate h(n).
0
Let c(a) be the first derivative of a**2 + 3*a - 3. Let r be c(-2). Let k(i) = 2*i - i + i. What is k(r)?
-2
Let i(m) = 1 + 1 - 2 + 2*m. Give i(-1).
-2
Let t(w) = -2 - 2 - 2*w - 2. Let p(c) = -2 + 0*c**2 - 2*c**3 + c**2 + c + c**3. Let q be p(2). What is t(q)?
2
Let x(f) = -7*f**3 + f**2 + f - 1. Let m be x(1). Let r(y) = y**2 + 8*y + 9. Determine r(m).
-3
Suppose -5*a = 0, 3 + 2 = o + 4*a. Let m(u) = -3*u + 2. Give m(o).
-13
Let h(t) = 2*t. Let j(f) = 5*f + 8. Let u(i) = 2*h(i) - j(i). Give u(-6).
-2
Suppose -3*u + 6 + 9 = 0. Let o(r) = 4*r - 4. Let w(q) = 5*q - 5. Suppose -20 = 2*d + 2*d. Let x(f) = d*w(f) + 6*o(f). Give x(u).
-4
Let l(h) = 5*h**2 - 4*h - 5 + h**3 + 0*h**2 + 2*h. What is l(-5)?
5
Let n(z) = -z**2 + 10*z - 7. Let p be n(9). Suppose p + 0 = b. Suppose -3 = -t - b*t. Let v(a) = -a + 1. Calculate v(t).
0
Let g(j) = -j + 2*j**2 - 2*j**2 + 5 - j**2. Let d be (4 + 25/(-10))*(-8)/3. What is g(d)?
-7
Let h(i) = 4*i - 3*i - 3*i + 3*i - 2. What is h(4)?
2
Let f(u) = u**2 - 3*u. Let b be f(3). Suppose b = 5*p - 4*p - 4. Suppose -a + p = 1. Let s(i) = i**3 - 5*i**2 + 3*i + 2. What is s(a)?
-7
Let w(h) = 13*h - 2. Let v(q) = 781*q - 121. Let x(m) = -2*v(m) + 121*w(m). Calculate x(1).
11
Suppose 4 = -j - 2. Let y(b) = b**3 + 6*b**2 + b + 3. What is y(j)?
-3
Let y = 0 + 3. Let t = 8 - 6. Let r(b) = -2*b**2 + 2 + b**t - y*b + 2*b. Give r(-2).
0
Let l(v) = 4 - 3*v + 3*v - 3*v. What is l(4)?
-8
Let h(c) = -c**3 - 10*c**2 - 8*c + 4. Let i be h(-9). Let x(l) = -l**3 - 4*l**2 + l - 6. Let k(w) = -w**2 - w. Let b(p) = -k(p) - x(p). Determine b(i).
6
Let j(q) = -2*q**2 + 2*q - 4. Let o(p) = p**2 - p. Let d(s) = j(s) + 3*o(s). Calculate d(0).
-4
Suppose -8*b + 9 = -5*b. Let w(c) = c**3 - 3*c**2 + 4*c + 1. Determine w(b).
13
Let o(r) = -r**3 + 5*r**2 + 3*r - 2. Let y = -21 + 27. Calculate o(y).
-20
Let v(n) be the second derivative of 0 - 1/3*n**3 + 1/2*n**2 - 3*n - 1/24*n**4. Let r(b) be the first derivative of v(b). Calculate r(6).
-8
Let o(f) = -f - 1. Let b be 3*(-1 - (-8)/3). Determine o(b).
-6
Let s(t) be the third derivative of t**4/4 + t**3/6 + 11*t**2. Give s(2).
13
Let z(a) be the third derivative of a**7/5040 + a**6/360 - a**5/30 + a**2. Let i(y) be the third derivative of z(y). Determine i(5).
7
Let i be (86/(-40) - -2) + 20/80. Let v(q) be the second derivative of -1/6*q**4 + 0*q**3 - 2*q + i*q**5 + 0 - q**2. Give v(2).
6
Let x(u) = 0*u + u**2 - 5*u + 8 - u**3 + 5*u**2 - 4. Let r(w) = 10*w - 3 + 2*w**3 - 12*w**2 - 1 - 5. Let f(k) = 6*r(k) + 13*x(k). What is f(5)?
-2
Let q(i) be the third derivative of i**4/24 - i**3/2 + 17*i**2. What is q(5)?
2
Let r = 1 - 4. Let l(z) = -5*z**2 + z + 2. Let a(q) = 6*q**2 - 2*q - 2. Let m(t) = -4*a(t) - 5*l(t). Give m(r).
-2
Let b(q) = 5*q. Let o(z) = -z**2 + 3*z + 7. Let w be o(5). Let n = w - -2. Determine b(n).
-5
Let o(w) = w**3 + 4*w**2 - 3*w + 7. Let y = 7 - 4. Let x = 0 - 0. Let u be y + (1*-8 - x). Calculate o(u).
-3
Let w(p) = p**2 + 4*p - 1. Let y be w(-5). Let c(f) = -f**2 + f + 1. Give c(y).
-11
Let c = -13 + 11. Let g(m) = m**3 + 5*m**2 + 3*m + 1. What is g(c)?
7
Let c(z) = -z - 11. Let b be 18/(-63) + 19/(-7). Let x